hen 723672 is divided by 21.
12
Calculate the remainder when 43875 is divided by 14501.
372
Calculate the remainder when 10046784 is divided by 3753.
3
Calculate the remainder when 2468626 is divided by 822728.
442
Calculate the remainder when 48411 is divided by 299.
272
What is the remainder when 101365 is divided by 1696?
1301
What is the remainder when 48643 is divided by 175?
168
Calculate the remainder when 15744204 is divided by 16.
12
What is the remainder when 316976 is divided by 105656?
8
Calculate the remainder when 5749630 is divided by 1149925.
5
What is the remainder when 9879593 is divided by 214773?
35
What is the remainder when 3682645 is divided by 253?
230
What is the remainder when 485269 is divided by 10?
9
What is the remainder when 69102 is divided by 8622?
126
Calculate the remainder when 1770449 is divided by 11644.
561
What is the remainder when 5761772 is divided by 1920572?
56
What is the remainder when 211478 is divided by 477?
167
Calculate the remainder when 4196520 is divided by 125.
20
Calculate the remainder when 16119499 is divided by 412.
411
Calculate the remainder when 844697 is divided by 84.
77
Calculate the remainder when 264804 is divided by 86.
10
Calculate the remainder when 3102078 is divided by 4164.
4062
Calculate the remainder when 162035048 is divided by 220.
208
Calculate the remainder when 122313397 is divided by 621.
616
Calculate the remainder when 2020956 is divided by 1078.
784
Calculate the remainder when 7724433 is divided by 6087.
30
Calculate the remainder when 89097 is divided by 256.
9
What is the remainder when 5897432 is divided by 26565?
2
What is the remainder when 133238 is divided by 129?
110
What is the remainder when 7885401 is divided by 3730?
181
What is the remainder when 2281655 is divided by 10?
5
Calculate the remainder when 13742821 is divided by 187.
4
What is the remainder when 14933 is divided by 4164?
2441
What is the remainder when 114414052 is divided by 542?
20
What is the remainder when 34513 is divided by 8323?
1221
What is the remainder when 321141 is divided by 1746?
1623
Calculate the remainder when 482537 is divided by 189.
20
What is the remainder when 7998573 is divided by 470494?
175
What is the remainder when 27743479 is divided by 9247811?
46
What is the remainder when 130551027 is divided by 21758502?
15
Calculate the remainder when 2942772 is divided by 134.
132
What is the remainder when 7250288 is divided by 1949?
8
Calculate the remainder when 9972488 is divided by 2226.
8
Calculate the remainder when 8881492 is divided by 34.
12
What is the remainder when 25653069 is divided by 657770?
39
Calculate the remainder when 189728579 is divided by 11813.
11799
What is the remainder when 191688 is divided by 17?
13
What is the remainder when 2208372 is divided by 138020?
52
What is the remainder when 14511 is divided by 1409?
421
Calculate the remainder when 4938936 is divided by 2516.
28
Calculate the remainder when 19725 is divided by 3167.
723
What is the remainder when 367505 is divided by 732?
41
Calculate the remainder when 822323 is divided by 68526.
11
Calculate the remainder when 756209 is divided by 967.
15
What is the remainder when 1252167 is divided by 313041?
3
Calculate the remainder when 50775059 is divided by 4452.
4451
What is the remainder when 823578 is divided by 370?
328
Calculate the remainder when 63002 is divided by 59528.
3474
What is the remainder when 141725 is divided by 112?
45
Calculate the remainder when 11597570 is divided by 17925.
95
Calculate the remainder when 167770733 is divided by 4054.
4051
What is the remainder when 67239098 is divided by 5154?
14
What is the remainder when 262647 is divided by 682?
77
What is the remainder when 96217822 is divided by 228?
226
What is the remainder when 298087746 is divided by 393?
390
What is the remainder when 1961939 is divided by 71?
67
Calculate the remainder when 180919 is divided by 5836.
3
Calculate the remainder when 769309 is divided by 384603.
103
Calculate the remainder when 2033808 is divided by 52.
36
Calculate the remainder when 48985 is divided by 14804.
4573
What is the remainder when 1318684 is divided by 69365?
749
What is the remainder when 2775355 is divided by 60?
55
What is the remainder when 80675 is divided by 823?
21
Calculate the remainder when 501527 is divided by 2668.
2611
Calculate the remainder when 1200660 is divided by 16.
4
Calculate the remainder when 78545794 is divided by 294179.
1
What is the remainder when 11724 is divided by 1688?
1596
What is the remainder when 1726506 is divided by 6666?
12
Calculate the remainder when 292699 is divided by 93241.
12976
Calculate the remainder when 38346867 is divided by 261.
225
What is the remainder when 119616579 is divided by 69?
42
What is the remainder when 605595 is divided by 385?
375
What is the remainder when 71211599 is divided by 2096?
2095
What is the remainder when 79704454 is divided by 3271?
3268
Calculate the remainder when 396027 is divided by 98877.
519
What is the remainder when 1052035 is divided by 1219?
38
What is the remainder when 18728080 is divided by 26?
20
Calculate the remainder when 18218446 is divided by 4473.
4390
What is the remainder when 4205622 is divided by 895?
17
Calculate the remainder when 13013517 is divided by 194.
191
What is the remainder when 1063600 is divided by 212693?
135
Calculate the remainder when 3301247 is divided by 20378.
11
What is the remainder when 1185 is divided by 361?
102
Calculate the remainder when 2285345697 is divided by 31.
29
Calculate the remainder when 1944923 is divided by 5638.
5451
What is the remainder when 404929 is divided by 85?
74
What is the remainder when 30997279 is divided by 3174?
3169
What is the remainder when 100249424 is divided by 9470?
4
What is the remainder when 57706732 is divided by 84?
76
What is the remainder when 218992 is divided by 645?
337
Calculate the remainder when 891311 is divided by 891274.
37
What is the remainder when 3722529 is divided by 130?
109
What is the remainder when 140489 is divided by 362?
33
What is the remainder when 804274 is divided by 210?
184
Calculate the remainder when 84366 is divided by 84350.
16
What is the remainder when 15797739 is divided by 532?
531
Calculate the remainder when 1772187 is divided by 886084.
19
What is the remainder when 6263 is divided by 4183?
2080
What is the remainder when 187314 is divided by 186903?
411
What is the remainder when 15562 is divided by 296?
170
What is the remainder when 340251 is divided by 28286?
819
What is the remainder when 76342117 is divided by 10?
7
Calculate the remainder when 948678 is divided by 10303.
802
What is the remainder when 277129 is divided by 277080?
49
What is the remainder when 2755115 is divided by 330?
275
What is the remainder when 3081541 is divided by 71663?
32
What is the remainder when 66444002 is divided by 280?
2
What is the remainder when 1042707 is divided by 39?
3
What is the remainder when 123671310 is divided by 464?
462
Calculate the remainder when 22500883 is divided by 972.
55
Calculate the remainder when 478216 is divided by 3429.
1585
Calculate the remainder when 1829462 is divided by 698.
4
What is the remainder when 9549234 is divided by 8406?
18
What is the remainder when 145904 is divided by 83?
73
Calculate the remainder when 593839493 is divided by 116.
113
What is the remainder when 767614 is divided by 5261?
4769
What is the remainder when 63370 is divided by 3003?
307
What is the remainder when 561905 is divided by 583?
476
Calculate the remainder when 319929 is divided by 17.
6
Calculate the remainder when 2898409 is divided by 170.
79
Calculate the remainder when 418633360 is divided by 6.
4
What is the remainder when 3556663 is divided by 1185551?
10
What is the remainder when 2637955 is divided by 873?
622
Calculate the remainder when 467731 is divided by 27284.
3903
Calculate the remainder when 3062933 is divided by 278403.
500
Calculate the remainder when 2208743 is divided by 7102.
21
Calculate the remainder when 36280 is divided by 71.
70
Calculate the remainder when 5677622 is divided by 1968.
1910
What is the remainder when 1624566 is divided by 406105?
146
Calculate t